e the prime factors of q(4)?
5, 239
Suppose 2*k - 2*c - 8 = 0, -k + 2*c + 2 + 2 = 0. Let b(l) = 6*l**3 + 4*l**2 + 4*l + 14. List the prime factors of b(k).
2, 239
Let l(a) = a**3 + 67*a**2 + 144*a - 414. What are the prime factors of l(-62)?
2, 11, 449
Suppose -u - 3*v - 16742 = 0, 4*u + u + 5*v + 83750 = 0. What are the prime factors of 60/270 - u/18?
7, 19
Let b = -54 + 76. Let o(y) = 13*y - 19. What are the prime factors of o(b)?
3, 89
Let p(h) = -115*h**3 - 9*h**2 + 231*h + 1617. What are the prime factors of p(-7)?
2, 7, 199
Suppose 11*c - 15*c = -40. Suppose -10 + c = 2*i. Suppose i = -5*x + 5*u + 430, 3*x = 3*u + u + 253. List the prime factors of x.
7, 13
Suppose 3*v + 14 = 2*b, -3*v + 51 = b + 2*b. Suppose -k - 136 = b. Let a = k - -254. List the prime factors of a.
3, 5, 7
Let x(o) = 3*o + 49. Let l be x(-15). Let g be 4/(-8) + 2/l. Suppose z = y - g*z - 28, -y + 28 = 4*z. List the prime factors of y.
2, 7
Let c be (-12)/(-150) + (-294)/(-75). Suppose -2*o + 641 = 3*k, -284 - 130 = -2*k - c*o. List the prime factors of k.
7, 31
Let j = -12270 - -20785. List the prime factors of j.
5, 13, 131
Let a = 25431 + -4318. What are the prime factors of a?
43, 491
What are the prime factors of (191604/(-168))/(3/(-94)) - 1/(-3)?
2, 3, 1489
List the prime factors of (10 - (-45)/15) + 615.
2, 157
Suppose 8*k - 741 = 611. Suppose 2834 = 11*w - k. List the prime factors of w.
3, 7, 13
Let o be (-2226)/(-477)*(2 + 2/(-4))*25. Let s(w) = 8*w**2 - 4*w - 2. Let i be s(4). Suppose -o = -n + i. What are the prime factors of n?
3, 5, 19
Let i(m) = -388*m + 6. Let t be i(-3). Let x = t - 561. List the prime factors of x.
3, 7, 29
Let j(x) = -11*x - 230. What are the prime factors of j(-66)?
2, 31
Let b(u) = u**3 - 8*u**2 - 7*u + 58. Let p be b(8). Suppose -w + 7*a = 3*a - 797, 3230 = 4*w - p*a. What are the prime factors of w?
809
Suppose -2*p = -i - 143, 86*p + 3*i + 59 = 87*p. Suppose -122 = 2*w - 2*c, 0*c - 102 = 2*w + 3*c. Let v = p - w. List the prime factors of v.
131
Suppose 19*f - 17*f - 12 = -y, -3*y = -3*f. Suppose -5022 = -4*h - 2*v, -174 = y*h + 3*v - 5191. List the prime factors of h.
2, 17, 37
Suppose -4*d - 5*r + 1001 = 0, 5*d - 4*d + r - 249 = 0. Suppose -3*h - 128 = -4*h - 4*v, 0 = -2*h + 4*v + d. List the prime factors of h.
2, 31
Let f = -59 - 1. Let r be 4*-15*5/f. What are the prime factors of r*(-2 + (-258)/(-15))?
2, 19
List the prime factors of 12/3*-67*(-85)/20.
17, 67
Suppose 5*y - 51704 = 4*u, 3*y + 4*u = 15419 + 15597. List the prime factors of y.
2, 5, 11, 47
Let h(i) = i**2 - 13*i + 1. Let r be h(9). Let k = -27 - r. Suppose k*m - 15 = 17. List the prime factors of m.
2
What are the prime factors of (0 - -22276*1)*(-36)/((-11232)/546)?
7, 5569
Let r(p) = 7*p**2 + 8*p - 92. Suppose 45 = -4*u + 1. List the prime factors of r(u).
23, 29
Let o = -43140 - -75690. List the prime factors of o.
2, 3, 5, 7, 31
Let x = -1775 + 6982. What are the prime factors of x?
41, 127
Let c = 109615 + -66041. List the prime factors of c.
2, 21787
Let f be 4/(-1 + -1) - 1008/4. Let t = -131 - f. List the prime factors of t.
3, 41
Let m(q) = q**3 - 11*q**2 - 45*q + 91. Let b(w) = 17*w**2 - 6*w + 5. Let k be b(1). What are the prime factors of m(k)?
3, 7, 31
Let y be ((-110)/(-15))/(-2 + 9544/4770). Suppose -28*u - y = -49289. List the prime factors of u.
2, 181
Let u = -678 - -1524. Let w = 1211 - u. List the prime factors of w.
5, 73
Suppose 2*c + 246 = 676. Let r = c + -53. List the prime factors of r.
2, 3
Let z = 441 - -967. Let q = z + -259. What are the prime factors of q?
3, 383
Suppose 0*p + 16 = 2*r + 5*p, 5*r - 11 = 2*p. Suppose -2*m - 922 = -2*g - 242, r*g - 1024 = 5*m. List the prime factors of g.
2, 13
List the prime factors of (-29 + 20)*3394/(-6) - -2.
11, 463
Suppose -62 = -10*w - 42. Suppose -w*o + 566 = -1148. What are the prime factors of o?
857
Let b = -163 - -167. Suppose -223 = -2*q + 3*k, q - 58 = b*k + 56. List the prime factors of q.
2, 5, 11
Suppose 18*l - 21*l + 36 = 2*y, 24 = 2*l - 2*y. Suppose 0 = 4*r - r + l, -4*z - r + 2784 = 0. List the prime factors of z.
17, 41
Let u(q) = -10*q**3 + 5*q**2 - 22*q - 225. List the prime factors of u(-7).
2, 17, 53
Let s = 168 - 209. Let a(i) = 49*i + 7. Let t be a(3). Let z = s + t. List the prime factors of z.
113
Suppose p - 43289 = -5*d, 2315*d + 4*p - 25953 = 2312*d. List the prime factors of d.
7, 1237
Let u(h) = -976*h - 246. Let t be u(-6). Suppose 308*l + t = 311*l. What are the prime factors of l?
2, 5, 11, 17
Suppose -627 = 4*b - 5*s - 1946, 5*b + 2*s - 1690 = 0. Let r = -119 + b. Let v = -59 + r. List the prime factors of v.
2, 79
Let j be -3*(2/6)/((-3)/45). Suppose j*z - 9*z - 3936 = 0. What are the prime factors of z?
2, 41
Let u(a) = a**3 + 8*a**2 + a + 13. Let w = 45 - 42. Suppose -w + 11 = -t. List the prime factors of u(t).
5
Let q be 7892/6 - 5/(-90)*-6. Let a = 1905 - q. List the prime factors of a.
2, 5, 59
What are the prime factors of ((-354)/9)/(96/120 - 1334/1665)?
3, 5, 37, 59
Let c(q) = -q**3 + 16*q**2 - 26*q + 29. Let n(d) = -3*d**2 - 11*d + 2. Let x be n(-3). List the prime factors of c(x).
3, 37
Let i be 1/((-8)/(-8*7)). Suppose 1274 = i*n - 1463. What are the prime factors of n?
17, 23
Let d(o) = 8*o**3 + 25*o**2 - 9*o + 40. List the prime factors of d(11).
2, 3, 2269
Suppose 4*h + h + 480 = 0. Let a be 1 - (-20)/(-12)*6. Let x = a - h. What are the prime factors of x?
3, 29
Let g(w) = 11*w**2 - 4 + 3 + 23*w**2 + 17*w**2. Suppose -2 = -0*v - v. List the prime factors of g(v).
7, 29
Let a(n) = n**2 - 17*n - 16. Let g be a(18). Let p(x) = -105*x + 2. Let j be p(g). List the prime factors of 1*9/((-18)/j).
2, 13
Let l(w) = 24*w**2 - 4*w - 28. Let j be l(17). What are the prime factors of (-3)/(-5) - j/(-100)?
3, 23
Suppose -9*m + 8414 = -3259. Let l = m - 623. What are the prime factors of l?
2, 337
Let m = 34 + -31. Suppose m*v - 60 = -5*c + 8*v, 5*c - 3*v = 56. Let n(o) = -o**2 + 21*o - 4. What are the prime factors of n(c)?
2, 53
Suppose 0 = -5*z - 10, -8*a + 12*a - z - 63622 = 0. What are the prime factors of a?
5, 3181
Suppose -4*a = -5*j + 26731, 15*j - 16*j + 2*a + 5345 = 0. What are the prime factors of j?
5347
Let x(u) = 32 + 2*u**2 - u - 3*u**2 + 19. Suppose 17 = 22*d + 17. What are the prime factors of x(d)?
3, 17
Let c = 6610 + -1629. List the prime factors of c.
17, 293
Suppose -19*u + 21*u - 1782 = -3*l, 4*u = -4*l + 3568. Suppose 0 = -1434*d + 1437*d - u. What are the prime factors of d?
2, 149
Let p be 648/15 - 2 - (-5)/(-25). Suppose m - 2*m = 2*z - 45, -2*z + 3*m + 65 = 0. Suppose 0 = 2*g - p - z. What are the prime factors of g?
3, 11
Let r(w) = -60*w + 3. Let y be r(10). Let a = y + 931. What are the prime factors of a?
2, 167
Suppose c - 22353 - 2249 = -l, -5*l = -6*c + 147568. List the prime factors of c.
2, 7, 251
Let y = 8326 - -3071. What are the prime factors of y?
3, 29, 131
Suppose g + 30 = s - 0*g, -5*g = -4*s + 122. Let v(q) = 17*q - 76. What are the prime factors of v(s)?
2, 5
Suppose 4*w = 16, -3*h + w + 464 = 138. Let i be (-6)/(-9) + (-579)/(-9). Let l = h - i. What are the prime factors of l?
3, 5
Let y(d) = -d**2 - 16*d + 10. Let k be y(-9). Let f = -69 + k. Suppose f*w - 5*o = 743, -8*w = -3*w + 3*o - 975. List the prime factors of w.
2, 3
Suppose 4*k + 3*i - 18 = 0, -i + 3*i + 5 = 3*k. Suppose k*b + 33 - 393 = 0. List the prime factors of b.
2, 3, 5
Let c be (30/(-45))/(4/(-42)). Suppose c*k = 15*k - 72. Suppose k*u - 1066 = 293. List the prime factors of u.
151
Let i(r) = -r**3 - 72*r**2 - 52*r - 695. What are the prime factors of i(-72)?
3049
Suppose 13764 = -5*q + 4*f, -3*q - 2*q = 2*f + 13758. Let d be (-1)/3 - q/12. Suppose 33 - d = -4*o. List the prime factors of o.
7
Let f(l) = -l**2 + 20*l - 21. Suppose 2*x + 10 = 3*o, 3*x + 12 = 4*o - x. Suppose -o*d = -0*d + 4*r - 20, -3*d + 40 = -2*r. What are the prime factors of f(d)?
79
Let c = -69 - 86. Let p = 86 - c. What are the prime factors of p?
241
List the prime factors of 8302*-6*130/(-120).
7, 13, 593
List the prime factors of -8 - (37284*12/(-9) - 5).
11, 4519
Let a(g) = 4*g**3 - 20*g**2 - 15*g + 124. What are the prime factors of a(16)?
2, 3, 929
Let u be -9*((-4)/30)/((-9)/(-45)). Suppose 7*a = u*a + 160. What are the prime factors of ((-189)/12)/((-12)/